{"id":21,"date":"2020-07-29T14:37:17","date_gmt":"2020-07-29T14:37:17","guid":{"rendered":"http:\/\/wiggengut.ch\/?page_id=21"},"modified":"2024-09-11T08:30:16","modified_gmt":"2024-09-11T08:30:16","slug":"tiere","status":"publish","type":"page","link":"https:\/\/wiggengut.ch\/?page_id=21","title":{"rendered":"Tiere"},"content":{"rendered":"\n<h2 class=\"wp-block-heading\">Eseltrekking &#8211; Eselspazierg\u00e4nge<\/h2>\n\n\n\n<div class=\"wp-block-columns is-layout-flex wp-container-core-columns-is-layout-9d6595d7 wp-block-columns-is-layout-flex\">\n<div class=\"wp-block-column is-layout-flow wp-block-column-is-layout-flow\">\n<div class=\"wp-block-columns is-layout-flex wp-container-core-columns-is-layout-9d6595d7 wp-block-columns-is-layout-flex\">\n<div class=\"wp-block-column is-layout-flow wp-block-column-is-layout-flow\" style=\"flex-basis:53%\">\n<h6 class=\"wp-block-heading has-text-align-left\">Seit mitte Dezember 2023 begleiten mich drei Esel. Ich durfte sie ausgebildet \u00fcbernehmen. Nelli die junge DAme. Atria ist ihre Mutter. Gricello der Herr in der Herde. Sie begleiten dich auf Spazierg\u00e4ngen, werden gerne geputzt und \u00e4usserst gerne gestreichelt und gekuschelt. Esel sind sehr aufmerksame Wesen. Ich bin immer wieder \u00fcberrascht, wie sie unterschiedlich auf Menschen zugehen. ALS OB DIE ESEL w\u00fcssten oder sp\u00fcrten wer jetzt was braucht. Und st\u00f6rrisch oder dumm sind sie schon gar nicht. DAs Gegenteil ist der FAll: sie sind sehr geschickt, umsichtig und intelligent. Komm mit mir auf einen Eselspaziergang oder ein Eseltrekking.<br>Weitere INformationen findest du unter der Rubrik Angebote.<\/h6>\n<\/div>\n\n\n\n<div class=\"wp-block-column is-layout-flow wp-block-column-is-layout-flow\" style=\"flex-basis:47%\">\n<figure class=\"wp-block-image is-resized\"><img loading=\"lazy\" decoding=\"async\" width=\"768\" height=\"1024\" src=\"https:\/\/wiggengut.ch\/wp-content\/uploads\/2024\/02\/IMG-20240201-WA00052-1-768x1024.jpg\" alt=\"\" class=\"wp-image-351\" style=\"width:365px;height:auto\" srcset=\"https:\/\/wiggengut.ch\/wp-content\/uploads\/2024\/02\/IMG-20240201-WA00052-1-768x1024.jpg 768w, https:\/\/wiggengut.ch\/wp-content\/uploads\/2024\/02\/IMG-20240201-WA00052-1-225x300.jpg 225w, https:\/\/wiggengut.ch\/wp-content\/uploads\/2024\/02\/IMG-20240201-WA00052-1-1152x1536.jpg 1152w, https:\/\/wiggengut.ch\/wp-content\/uploads\/2024\/02\/IMG-20240201-WA00052-1-1200x1600.jpg 1200w, https:\/\/wiggengut.ch\/wp-content\/uploads\/2024\/02\/IMG-20240201-WA00052-1.jpg 1536w\" sizes=\"auto, (max-width: 768px) 100vw, 768px\" \/><\/figure>\n<\/div>\n<\/div>\n<\/div>\n<\/div>\n\n\n\n<figure class=\"wp-block-image size-large\"><img loading=\"lazy\" decoding=\"async\" width=\"1024\" height=\"683\" src=\"https:\/\/wiggengut.ch\/wp-content\/uploads\/2020\/07\/Bella-klein-1-1024x683.jpg\" alt=\"\" class=\"wp-image-127\" srcset=\"https:\/\/wiggengut.ch\/wp-content\/uploads\/2020\/07\/Bella-klein-1-1024x683.jpg 1024w, https:\/\/wiggengut.ch\/wp-content\/uploads\/2020\/07\/Bella-klein-1-300x200.jpg 300w\" sizes=\"auto, (max-width: 1024px) 100vw, 1024px\" \/><\/figure>\n\n\n\n<p class=\"has-text-align-center\" style=\"font-size:26px\">Die K\u00fche und Ziegen tragen stolz ihre <strong>H\u00f6rner<\/strong>. In der Tierhaltung wird wenn immer m\u00f6glich auf Antibiotika und den Einsatz von synthetischen Hormonen verzichtet. Meine Tiere werden mit Sch\u00fcsslersalzen, Hom\u00f6opathie, den Zeichen nach <strong>K\u00f6rbler<\/strong> und der <strong>Aura &#8211;<\/strong> <strong>Technik <\/strong>behandelt. Meine Tiere fressen Gras, Heu und Emd. Dies ist eine \u00e4usserst nachhaltige Produktionsweise. Ich gehe weiter als es die Richtlinien von Bio Suisse es verlangen, weil f\u00fcr mich viele Eingriffe, welche erlaubt w\u00e4ren, nicht stimmen. Dies zeichnet sich auch in der Fleischqualit\u00e4t aus.<\/p>\n\n\n\n<div class=\"wp-block-group alignfull\"><div class=\"wp-block-group__inner-container is-layout-flow wp-block-group-is-layout-flow\">\n<div class=\"wp-block-group alignfull\"><div class=\"wp-block-group__inner-container is-layout-flow wp-block-group-is-layout-flow\">\n<figure class=\"wp-block-gallery alignfull has-nested-images columns-default is-cropped wp-block-gallery-1 is-layout-flex wp-block-gallery-is-layout-flex\">\n<figure class=\"wp-block-image size-large\"><img loading=\"lazy\" decoding=\"async\" width=\"683\" height=\"1024\" data-id=\"129\" src=\"https:\/\/wiggengut.ch\/wp-content\/uploads\/2020\/07\/Fiona-mit-Kalb-klein-683x1024.jpg\" alt=\"\" class=\"wp-image-129\" srcset=\"https:\/\/wiggengut.ch\/wp-content\/uploads\/2020\/07\/Fiona-mit-Kalb-klein-683x1024.jpg 683w, https:\/\/wiggengut.ch\/wp-content\/uploads\/2020\/07\/Fiona-mit-Kalb-klein-200x300.jpg 200w, https:\/\/wiggengut.ch\/wp-content\/uploads\/2020\/07\/Fiona-mit-Kalb-klein-768x1152.jpg 768w, https:\/\/wiggengut.ch\/wp-content\/uploads\/2020\/07\/Fiona-mit-Kalb-klein.jpg 1584w\" sizes=\"auto, (max-width: 683px) 100vw, 683px\" \/><\/figure>\n\n\n\n<figure class=\"wp-block-image size-large\"><img loading=\"lazy\" decoding=\"async\" width=\"683\" height=\"1024\" data-id=\"154\" src=\"https:\/\/wiggengut.ch\/wp-content\/uploads\/2020\/07\/kuhfamily-klein-683x1024.jpg\" alt=\"\" class=\"wp-image-154\" srcset=\"https:\/\/wiggengut.ch\/wp-content\/uploads\/2020\/07\/kuhfamily-klein-683x1024.jpg 683w, https:\/\/wiggengut.ch\/wp-content\/uploads\/2020\/07\/kuhfamily-klein-200x300.jpg 200w, https:\/\/wiggengut.ch\/wp-content\/uploads\/2020\/07\/kuhfamily-klein-768x1152.jpg 768w, https:\/\/wiggengut.ch\/wp-content\/uploads\/2020\/07\/kuhfamily-klein-1024x1536.jpg 1024w, https:\/\/wiggengut.ch\/wp-content\/uploads\/2020\/07\/kuhfamily-klein-1365x2048.jpg 1365w, https:\/\/wiggengut.ch\/wp-content\/uploads\/2020\/07\/kuhfamily-klein-1200x1800.jpg 1200w, https:\/\/wiggengut.ch\/wp-content\/uploads\/2020\/07\/kuhfamily-klein.jpg 1584w\" sizes=\"auto, (max-width: 683px) 100vw, 683px\" \/><\/figure>\n\n\n\n<figure class=\"wp-block-image size-large\"><img loading=\"lazy\" decoding=\"async\" width=\"683\" height=\"1024\" data-id=\"136\" src=\"https:\/\/wiggengut.ch\/wp-content\/uploads\/2020\/07\/kuhk\u00f6pfe-klein-683x1024.jpg\" alt=\"\" class=\"wp-image-136\" srcset=\"https:\/\/wiggengut.ch\/wp-content\/uploads\/2020\/07\/kuhk\u00f6pfe-klein-683x1024.jpg 683w, https:\/\/wiggengut.ch\/wp-content\/uploads\/2020\/07\/kuhk\u00f6pfe-klein-200x300.jpg 200w, https:\/\/wiggengut.ch\/wp-content\/uploads\/2020\/07\/kuhk\u00f6pfe-klein-768x1152.jpg 768w, https:\/\/wiggengut.ch\/wp-content\/uploads\/2020\/07\/kuhk\u00f6pfe-klein-1024x1536.jpg 1024w, https:\/\/wiggengut.ch\/wp-content\/uploads\/2020\/07\/kuhk\u00f6pfe-klein-1365x2048.jpg 1365w, https:\/\/wiggengut.ch\/wp-content\/uploads\/2020\/07\/kuhk\u00f6pfe-klein-1200x1800.jpg 1200w, https:\/\/wiggengut.ch\/wp-content\/uploads\/2020\/07\/kuhk\u00f6pfe-klein.jpg 1584w\" sizes=\"auto, (max-width: 683px) 100vw, 683px\" \/><\/figure>\n<\/figure>\n<\/div><\/div>\n<\/div><\/div>\n\n\n\n<p style=\"font-size:26px\">Die <strong>Evol\u00e8ner<\/strong> K\u00fche werden als <strong>Mutterk\u00fche<\/strong> gehalten. Sie dienen zur Fleischproduktion und werden vom ersten bis zum letzten Herzschlag von mir betreut und begleitet. Zeitweise ist ein Stier mit in der Herde. Die Evol\u00e8ner K\u00fche sind eine Rasse von <strong>ProSpecieRara<\/strong> und stammen urspr\u00fcnglich aus dem Wallis.<\/p>\n\n\n\n<figure class=\"wp-block-gallery alignfull has-nested-images columns-default is-cropped wp-block-gallery-2 is-layout-flex wp-block-gallery-is-layout-flex\">\n<figure class=\"wp-block-image size-large\"><img loading=\"lazy\" decoding=\"async\" width=\"1024\" height=\"683\" data-id=\"145\" src=\"https:\/\/wiggengut.ch\/wp-content\/uploads\/2020\/07\/geissenherde-klein-1024x683.jpg\" alt=\"\" class=\"wp-image-145\" srcset=\"https:\/\/wiggengut.ch\/wp-content\/uploads\/2020\/07\/geissenherde-klein-1024x683.jpg 1024w, https:\/\/wiggengut.ch\/wp-content\/uploads\/2020\/07\/geissenherde-klein-300x200.jpg 300w, https:\/\/wiggengut.ch\/wp-content\/uploads\/2020\/07\/geissenherde-klein-768x512.jpg 768w, https:\/\/wiggengut.ch\/wp-content\/uploads\/2020\/07\/geissenherde-klein-1200x800.jpg 1200w, https:\/\/wiggengut.ch\/wp-content\/uploads\/2020\/07\/geissenherde-klein.jpg 1500w\" sizes=\"auto, (max-width: 1024px) 100vw, 1024px\" \/><\/figure>\n\n\n\n<figure class=\"wp-block-image size-large\"><img loading=\"lazy\" decoding=\"async\" width=\"1024\" height=\"683\" data-id=\"173\" src=\"https:\/\/wiggengut.ch\/wp-content\/uploads\/2020\/07\/Ziegen-Babys-klein-1024x683.jpg\" alt=\"\" class=\"wp-image-173\" srcset=\"https:\/\/wiggengut.ch\/wp-content\/uploads\/2020\/07\/Ziegen-Babys-klein-1024x683.jpg 1024w, https:\/\/wiggengut.ch\/wp-content\/uploads\/2020\/07\/Ziegen-Babys-klein-300x200.jpg 300w\" sizes=\"auto, (max-width: 1024px) 100vw, 1024px\" \/><\/figure>\n\n\n\n<figure class=\"wp-block-image size-large\"><img decoding=\"async\" data-id=\"174\" src=\"https:\/\/wiggengut.ch\/wp-content\/uploads\/2020\/07\/Ziegen-Kr\u00fcpfe-klein-2.jpg\" alt=\"\" class=\"wp-image-174\"\/><\/figure>\n<\/figure>\n\n\n\n<p style=\"font-size:26px\">Die <strong>Schwarzhals, Kupferhals, Capra Sempione<\/strong> und <strong>Gr\u00fcnochten Ziegen<\/strong> sind verschiedene Rassen von <strong>ProSpecieRara<\/strong> und stammen urspr\u00fcnglich ebenfalls aus dem Wallis. M\u00f6glichst viele Nachkommen werden als Zuchttiere verkauft. Die Gitzi kommen im Februar bis ende April auf die Welt. Ein Capra Sempione Bock begleitet die Ziegen das ganze Jahr \u00fcber.<\/p>\n\n\n\n<div class=\"wp-block-media-text alignwide is-stacked-on-mobile\" style=\"grid-template-columns:34% auto\"><figure class=\"wp-block-media-text__media\"><img loading=\"lazy\" decoding=\"async\" width=\"1024\" height=\"683\" src=\"https:\/\/wiggengut.ch\/wp-content\/uploads\/2020\/07\/enten-klein-1024x683.jpg\" alt=\"\" class=\"wp-image-132 size-full\" srcset=\"https:\/\/wiggengut.ch\/wp-content\/uploads\/2020\/07\/enten-klein-1024x683.jpg 1024w, https:\/\/wiggengut.ch\/wp-content\/uploads\/2020\/07\/enten-klein-300x200.jpg 300w\" sizes=\"auto, (max-width: 1024px) 100vw, 1024px\" \/><\/figure><div class=\"wp-block-media-text__content\">\n<p class=\"has-large-font-size\">Die <strong>Pommernenten<\/strong> ist eine Rasse welche von <strong>ProSpecieRara<\/strong> anerkannt ist. Sie fressen im Gem\u00fcsebeet und unter den Beerenstr\u00e4ucher viele Schnecken. Wenn sie frei umherziehen, was sie bei mir d\u00fcrfen und quaken, sind sie einfach so richtig herrlich lustig.<\/p>\n\n\n\n<p class=\"has-large-font-size\">Quak, quak, quak  &#8211;  watschel, watschel, watschel<\/p>\n<\/div><\/div>\n","protected":false},"excerpt":{"rendered":"<p>Eseltrekking &#8211; Eselspazierg\u00e4nge Seit mitte Dezember 2023 begleiten mich drei Esel. Ich durfte sie ausgebildet \u00fcbernehmen. Nelli die junge DAme. Atria ist ihre Mutter. Gricello der Herr in der Herde. Sie begleiten dich auf Spazierg\u00e4ngen, werden gerne geputzt und \u00e4usserst gerne gestreichelt und gekuschelt. Esel sind sehr aufmerksame Wesen. Ich bin immer wieder \u00fcberrascht, wie [&hellip;]<\/p>\n","protected":false},"author":1,"featured_media":0,"parent":0,"menu_order":0,"comment_status":"closed","ping_status":"closed","template":"","meta":{"footnotes":""},"class_list":["post-21","page","type-page","status-publish","hentry"],"_links":{"self":[{"href":"https:\/\/wiggengut.ch\/index.php?rest_route=\/wp\/v2\/pages\/21","targetHints":{"allow":["GET"]}}],"collection":[{"href":"https:\/\/wiggengut.ch\/index.php?rest_route=\/wp\/v2\/pages"}],"about":[{"href":"https:\/\/wiggengut.ch\/index.php?rest_route=\/wp\/v2\/types\/page"}],"author":[{"embeddable":true,"href":"https:\/\/wiggengut.ch\/index.php?rest_route=\/wp\/v2\/users\/1"}],"replies":[{"embeddable":true,"href":"https:\/\/wiggengut.ch\/index.php?rest_route=%2Fwp%2Fv2%2Fcomments&post=21"}],"version-history":[{"count":48,"href":"https:\/\/wiggengut.ch\/index.php?rest_route=\/wp\/v2\/pages\/21\/revisions"}],"predecessor-version":[{"id":528,"href":"https:\/\/wiggengut.ch\/index.php?rest_route=\/wp\/v2\/pages\/21\/revisions\/528"}],"wp:attachment":[{"href":"https:\/\/wiggengut.ch\/index.php?rest_route=%2Fwp%2Fv2%2Fmedia&parent=21"}],"curies":[{"name":"wp","href":"https:\/\/api.w.org\/{rel}","templated":true}]}}

<h2 class="wp-block-heading">Eseltrekking &#8211; Eselspaziergänge</h2>



<div class="wp-block-columns is-layout-flex wp-container-core-columns-is-layout-9d6595d7 wp-block-columns-is-layout-flex">
<div class="wp-block-column is-layout-flow wp-block-column-is-layout-flow">
<div class="wp-block-columns is-layout-flex wp-container-core-columns-is-layout-9d6595d7 wp-block-columns-is-layout-flex">
<div class="wp-block-column is-layout-flow wp-block-column-is-layout-flow" style="flex-basis:53%">
<h6 class="wp-block-heading has-text-align-left">Seit mitte Dezember 2023 begleiten mich drei Esel. Ich durfte sie ausgebildet übernehmen. Nelli die junge DAme. Atria ist ihre Mutter. Gricello der Herr in der Herde. Sie begleiten dich auf Spaziergängen, werden gerne geputzt und äusserst gerne gestreichelt und gekuschelt. Esel sind sehr aufmerksame Wesen. Ich bin immer wieder überrascht, wie sie unterschiedlich auf Menschen zugehen. ALS OB DIE ESEL wüssten oder spürten wer jetzt was braucht. Und störrisch oder dumm sind sie schon gar nicht. DAs Gegenteil ist der FAll: sie sind sehr geschickt, umsichtig und intelligent. Komm mit mir auf einen Eselspaziergang oder ein Eseltrekking.<br>Weitere INformationen findest du unter der Rubrik Angebote.</h6>
</div>



<div class="wp-block-column is-layout-flow wp-block-column-is-layout-flow" style="flex-basis:47%">
<figure class="wp-block-image is-resized"><img loading="lazy" decoding="async" width="768" height="1024" src="https://wiggengut.ch/wp-content/uploads/2024/02/IMG-20240201-WA00052-1-768x1024.jpg" alt="" class="wp-image-351" style="width:365px;height:auto" srcset="https://wiggengut.ch/wp-content/uploads/2024/02/IMG-20240201-WA00052-1-768x1024.jpg 768w, https://wiggengut.ch/wp-content/uploads/2024/02/IMG-20240201-WA00052-1-225x300.jpg 225w, https://wiggengut.ch/wp-content/uploads/2024/02/IMG-20240201-WA00052-1-1152x1536.jpg 1152w, https://wiggengut.ch/wp-content/uploads/2024/02/IMG-20240201-WA00052-1-1200x1600.jpg 1200w, https://wiggengut.ch/wp-content/uploads/2024/02/IMG-20240201-WA00052-1.jpg 1536w" sizes="auto, (max-width: 768px) 100vw, 768px" /></figure>
</div>
</div>
</div>
</div>



<figure class="wp-block-image size-large"><img loading="lazy" decoding="async" width="1024" height="683" src="https://wiggengut.ch/wp-content/uploads/2020/07/Bella-klein-1-1024x683.jpg" alt="" class="wp-image-127" srcset="https://wiggengut.ch/wp-content/uploads/2020/07/Bella-klein-1-1024x683.jpg 1024w, https://wiggengut.ch/wp-content/uploads/2020/07/Bella-klein-1-300x200.jpg 300w" sizes="auto, (max-width: 1024px) 100vw, 1024px" /></figure>



<p class="has-text-align-center" style="font-size:26px">Die Kühe und Ziegen tragen stolz ihre <strong>Hörner</strong>. In der Tierhaltung wird wenn immer möglich auf Antibiotika und den Einsatz von synthetischen Hormonen verzichtet. Meine Tiere werden mit Schüsslersalzen, Homöopathie, den Zeichen nach <strong>Körbler</strong> und der <strong>Aura &#8211;</strong> <strong>Technik </strong>behandelt. Meine Tiere fressen Gras, Heu und Emd. Dies ist eine äusserst nachhaltige Produktionsweise. Ich gehe weiter als es die Richtlinien von Bio Suisse es verlangen, weil für mich viele Eingriffe, welche erlaubt wären, nicht stimmen. Dies zeichnet sich auch in der Fleischqualität aus.</p>



<div class="wp-block-group alignfull"><div class="wp-block-group__inner-container is-layout-flow wp-block-group-is-layout-flow">
<div class="wp-block-group alignfull"><div class="wp-block-group__inner-container is-layout-flow wp-block-group-is-layout-flow">
<figure class="wp-block-gallery alignfull has-nested-images columns-default is-cropped wp-block-gallery-1 is-layout-flex wp-block-gallery-is-layout-flex">
<figure class="wp-block-image size-large"><img loading="lazy" decoding="async" width="683" height="1024" data-id="129" src="https://wiggengut.ch/wp-content/uploads/2020/07/Fiona-mit-Kalb-klein-683x1024.jpg" alt="" class="wp-image-129" srcset="https://wiggengut.ch/wp-content/uploads/2020/07/Fiona-mit-Kalb-klein-683x1024.jpg 683w, https://wiggengut.ch/wp-content/uploads/2020/07/Fiona-mit-Kalb-klein-200x300.jpg 200w, https://wiggengut.ch/wp-content/uploads/2020/07/Fiona-mit-Kalb-klein-768x1152.jpg 768w, https://wiggengut.ch/wp-content/uploads/2020/07/Fiona-mit-Kalb-klein.jpg 1584w" sizes="auto, (max-width: 683px) 100vw, 683px" /></figure>



<figure class="wp-block-image size-large"><img loading="lazy" decoding="async" width="683" height="1024" data-id="154" src="https://wiggengut.ch/wp-content/uploads/2020/07/kuhfamily-klein-683x1024.jpg" alt="" class="wp-image-154" srcset="https://wiggengut.ch/wp-content/uploads/2020/07/kuhfamily-klein-683x1024.jpg 683w, https://wiggengut.ch/wp-content/uploads/2020/07/kuhfamily-klein-200x300.jpg 200w, https://wiggengut.ch/wp-content/uploads/2020/07/kuhfamily-klein-768x1152.jpg 768w, https://wiggengut.ch/wp-content/uploads/2020/07/kuhfamily-klein-1024x1536.jpg 1024w, https://wiggengut.ch/wp-content/uploads/2020/07/kuhfamily-klein-1365x2048.jpg 1365w, https://wiggengut.ch/wp-content/uploads/2020/07/kuhfamily-klein-1200x1800.jpg 1200w, https://wiggengut.ch/wp-content/uploads/2020/07/kuhfamily-klein.jpg 1584w" sizes="auto, (max-width: 683px) 100vw, 683px" /></figure>



<figure class="wp-block-image size-large"><img loading="lazy" decoding="async" width="683" height="1024" data-id="136" src="https://wiggengut.ch/wp-content/uploads/2020/07/kuhköpfe-klein-683x1024.jpg" alt="" class="wp-image-136" srcset="https://wiggengut.ch/wp-content/uploads/2020/07/kuhköpfe-klein-683x1024.jpg 683w, https://wiggengut.ch/wp-content/uploads/2020/07/kuhköpfe-klein-200x300.jpg 200w, https://wiggengut.ch/wp-content/uploads/2020/07/kuhköpfe-klein-768x1152.jpg 768w, https://wiggengut.ch/wp-content/uploads/2020/07/kuhköpfe-klein-1024x1536.jpg 1024w, https://wiggengut.ch/wp-content/uploads/2020/07/kuhköpfe-klein-1365x2048.jpg 1365w, https://wiggengut.ch/wp-content/uploads/2020/07/kuhköpfe-klein-1200x1800.jpg 1200w, https://wiggengut.ch/wp-content/uploads/2020/07/kuhköpfe-klein.jpg 1584w" sizes="auto, (max-width: 683px) 100vw, 683px" /></figure>
</figure>
</div></div>
</div></div>



<p style="font-size:26px">Die <strong>Evolèner</strong> Kühe werden als <strong>Mutterkühe</strong> gehalten. Sie dienen zur Fleischproduktion und werden vom ersten bis zum letzten Herzschlag von mir betreut und begleitet. Zeitweise ist ein Stier mit in der Herde. Die Evolèner Kühe sind eine Rasse von <strong>ProSpecieRara</strong> und stammen ursprünglich aus dem Wallis.</p>



<figure class="wp-block-gallery alignfull has-nested-images columns-default is-cropped wp-block-gallery-2 is-layout-flex wp-block-gallery-is-layout-flex">
<figure class="wp-block-image size-large"><img loading="lazy" decoding="async" width="1024" height="683" data-id="145" src="https://wiggengut.ch/wp-content/uploads/2020/07/geissenherde-klein-1024x683.jpg" alt="" class="wp-image-145" srcset="https://wiggengut.ch/wp-content/uploads/2020/07/geissenherde-klein-1024x683.jpg 1024w, https://wiggengut.ch/wp-content/uploads/2020/07/geissenherde-klein-300x200.jpg 300w, https://wiggengut.ch/wp-content/uploads/2020/07/geissenherde-klein-768x512.jpg 768w, https://wiggengut.ch/wp-content/uploads/2020/07/geissenherde-klein-1200x800.jpg 1200w, https://wiggengut.ch/wp-content/uploads/2020/07/geissenherde-klein.jpg 1500w" sizes="auto, (max-width: 1024px) 100vw, 1024px" /></figure>



<figure class="wp-block-image size-large"><img loading="lazy" decoding="async" width="1024" height="683" data-id="173" src="https://wiggengut.ch/wp-content/uploads/2020/07/Ziegen-Babys-klein-1024x683.jpg" alt="" class="wp-image-173" srcset="https://wiggengut.ch/wp-content/uploads/2020/07/Ziegen-Babys-klein-1024x683.jpg 1024w, https://wiggengut.ch/wp-content/uploads/2020/07/Ziegen-Babys-klein-300x200.jpg 300w" sizes="auto, (max-width: 1024px) 100vw, 1024px" /></figure>



<figure class="wp-block-image size-large"><img decoding="async" data-id="174" src="https://wiggengut.ch/wp-content/uploads/2020/07/Ziegen-Krüpfe-klein-2.jpg" alt="" class="wp-image-174"/></figure>
</figure>



<p style="font-size:26px">Die <strong>Schwarzhals, Kupferhals, Capra Sempione</strong> und <strong>Grünochten Ziegen</strong> sind verschiedene Rassen von <strong>ProSpecieRara</strong> und stammen ursprünglich ebenfalls aus dem Wallis. Möglichst viele Nachkommen werden als Zuchttiere verkauft. Die Gitzi kommen im Februar bis ende April auf die Welt. Ein Capra Sempione Bock begleitet die Ziegen das ganze Jahr über.</p>



<div class="wp-block-media-text alignwide is-stacked-on-mobile" style="grid-template-columns:34% auto"><figure class="wp-block-media-text__media"><img loading="lazy" decoding="async" width="1024" height="683" src="https://wiggengut.ch/wp-content/uploads/2020/07/enten-klein-1024x683.jpg" alt="" class="wp-image-132 size-full" srcset="https://wiggengut.ch/wp-content/uploads/2020/07/enten-klein-1024x683.jpg 1024w, https://wiggengut.ch/wp-content/uploads/2020/07/enten-klein-300x200.jpg 300w" sizes="auto, (max-width: 1024px) 100vw, 1024px" /></figure><div class="wp-block-media-text__content">
<p class="has-large-font-size">Die <strong>Pommernenten</strong> ist eine Rasse welche von <strong>ProSpecieRara</strong> anerkannt ist. Sie fressen im Gemüsebeet und unter den Beerensträucher viele Schnecken. Wenn sie frei umherziehen, was sie bei mir dürfen und quaken, sind sie einfach so richtig herrlich lustig.</p>



<p class="has-large-font-size">Quak, quak, quak  &#8211;  watschel, watschel, watschel</p>
</div></div>

<p>Eseltrekking &#8211; Eselspaziergänge Seit mitte Dezember 2023 begleiten mich drei Esel. Ich durfte sie ausgebildet übernehmen. Nelli die junge DAme. Atria ist ihre Mutter. Gricello der Herr in der Herde. Sie begleiten dich auf Spaziergängen, werden gerne geputzt und äusserst gerne gestreichelt und gekuschelt. Esel sind sehr aufmerksame Wesen. Ich bin immer wieder überrascht, wie [&hellip;]</p>
