{"id":6,"date":"2020-07-29T14:36:47","date_gmt":"2020-07-29T14:36:47","guid":{"rendered":"http:\/\/wiggengut.ch\/?page_id=6"},"modified":"2026-01-05T19:22:33","modified_gmt":"2026-01-05T19:22:33","slug":"betrieb","status":"publish","type":"page","link":"https:\/\/wiggengut.ch\/","title":{"rendered":"Biohof Wiggengut"},"content":{"rendered":"<div class=\"wp-block-image\">\n<figure class=\"aligncenter size-large is-resized\"><img decoding=\"async\" src=\"https:\/\/wiggengut.ch\/wp-content\/uploads\/2020\/07\/IMG_4255-1.jpg\" alt=\"\" class=\"wp-image-9\" style=\"width:-931px;height:-621px\"\/><figcaption class=\"wp-element-caption\"><strong>Herzlich Willkommen auf dem Biohof Wiggengut von Erica Portmann<\/strong><\/figcaption><\/figure>\n<\/div>\n\n\n<p class=\"has-text-align-center\" style=\"font-size:26px\">Im Januar 2017 habe ich, Erica Portmann, den Betrieb in Wiggen in der Unesco Biosph\u00e4re Entlebuch von meinen Eltern \u00fcbernommen. Der Betrieb ist mit seinen 5.5 Hektaren eher klein. Meine Motivation den Hof zu bewirtschaften war, dass ich f\u00fcr die Bev\u00f6lkerung&nbsp;<strong>gesunde und&nbsp;nachhaltige Lebensmittel<\/strong> produziere und sie&nbsp;<strong>direkt<\/strong>&nbsp;\u2013 also ohne Zwischenhandel \u2013 vor Ort verkaufe.<br><\/p>\n\n\n\n\n\n<div class=\"wp-block-media-text alignwide has-media-on-the-right is-stacked-on-mobile\" style=\"grid-template-columns:auto 25%\"><div class=\"wp-block-media-text__content\">\n<p class=\"has-large-font-size\"><strong>Verkauf ab Hof<\/strong><\/p>\n\n\n\n<p style=\"font-size:26px\">Je nach Saison sind im Hofladen nachhaltig und \u00f6kologisch produzierte Lebensmittel erh\u00e4ltlich. Die Saison startet mit den <strong>Erdbeeren und Rhabarbern<\/strong> ende Mai. Im Sommer sind auf Vorbestellung Cassis, Tr\u00fcbeli und Jostabeeren erh\u00e4ltlich. Im August sind die Heidelbeeren reif. Ab mitte August bis ende Oktober sind die <strong>Himbeeren<\/strong> reif. <strong>Natura Beef Fleisch<\/strong> ist das ganze Jahr \u00fcber erh\u00e4ltlich. Verschiedene Beeren Sirupe ohne Zitronens\u00e4ure und S\u00fcssmost runden das Angebot ab. Offen ist der Hofladen am Dienstag UND Samstag von 9 &#8211; 18 Uhr. Hier kaufst du nur hochwertige Lebensmittel ein. Es gibt kein Gem\u00fcse mehr im Hofladen.<\/p>\n\n\n\n<p style=\"font-size:26px\"><\/p>\n<\/div><figure class=\"wp-block-media-text__media\"><img loading=\"lazy\" decoding=\"async\" width=\"1024\" height=\"834\" src=\"https:\/\/wiggengut.ch\/wp-content\/uploads\/2020\/07\/1200px-Bio_Suisse_201x_logo.svg_-1024x834.png\" alt=\"\" class=\"wp-image-94 size-full\" srcset=\"https:\/\/wiggengut.ch\/wp-content\/uploads\/2020\/07\/1200px-Bio_Suisse_201x_logo.svg_-1024x834.png 1024w, https:\/\/wiggengut.ch\/wp-content\/uploads\/2020\/07\/1200px-Bio_Suisse_201x_logo.svg_-300x244.png 300w, https:\/\/wiggengut.ch\/wp-content\/uploads\/2020\/07\/1200px-Bio_Suisse_201x_logo.svg_-768x625.png 768w, https:\/\/wiggengut.ch\/wp-content\/uploads\/2020\/07\/1200px-Bio_Suisse_201x_logo.svg_.png 1200w\" sizes=\"auto, (max-width: 1024px) 100vw, 1024px\" \/><\/figure><\/div>\n\n\n\n<div class=\"wp-block-media-text alignwide is-stacked-on-mobile\" style=\"grid-template-columns:26% auto\"><figure class=\"wp-block-media-text__media\"><img decoding=\"async\" src=\"https:\/\/wiggengut.ch\/wp-content\/uploads\/2020\/07\/erica-fleischverkauf-klein.jpg\" alt=\"\" class=\"wp-image-184 size-full\"\/><\/figure><div class=\"wp-block-media-text__content\">\n<p class=\"has-large-font-size\"><strong>Wenn verkaufen Leidenschaft ist. <\/strong><\/p>\n\n\n\n<p style=\"font-size:26px\">Nach der obligatorischen Schulzeit absolvierte ich das Haushaltslehrjahr im Kanton Waadt. Es folgte die vierj\u00e4hrige Lehre zur <strong>Drogistin<\/strong>. In der Lehrdrogerie stand bei der <strong>Beratung<\/strong> stets das Bed\u00fcrfnis des Kunden im Zentrum. Ebenso lernte ich als Drogistin den fundierten Verkauf. So lag es f\u00fcr mich nahe, in die Direktvermarktung einzusteigen. <\/p>\n<\/div><\/div>\n\n\n\n<div class=\"wp-block-media-text alignwide has-media-on-the-right is-stacked-on-mobile\" style=\"grid-template-columns:auto 48%\"><div class=\"wp-block-media-text__content\">\n<p class=\"has-large-font-size\"><strong>Mit  Leib und Seele f\u00fcr das Tierwohl. <\/strong><\/p>\n\n\n\n<p style=\"font-size:26px\">Um mich im Thema der Ern\u00e4hrung weiterzubilden, besuchte ich die <strong>B\u00e4uerinnenschule<\/strong>. Mit 27 Jahren entschied ich mich zus\u00e4tzlich den zweij\u00e4hrigen Vollzeitlehrgang zur <strong>Landwirtin<\/strong> <strong>EFZ<\/strong> zu absolvieren, welchen ich 2015 erfolgreich abschloss. Als Landwirtin liebe ich es, mich um meine Tiere zu k\u00fcmmern.<\/p>\n<\/div><figure class=\"wp-block-media-text__media\"><img decoding=\"async\" src=\"https:\/\/wiggengut.ch\/wp-content\/uploads\/2020\/07\/geiss-erica-klein.jpg\" alt=\"\" class=\"wp-image-185 size-full\"\/><\/figure><\/div>\n\n\n\n<div class=\"wp-block-media-text alignwide is-stacked-on-mobile\"><figure class=\"wp-block-media-text__media\"><img loading=\"lazy\" decoding=\"async\" width=\"1024\" height=\"517\" src=\"https:\/\/wiggengut.ch\/wp-content\/uploads\/2020\/07\/hof-\u00fcbersicht-klein-2-1024x517.jpg\" alt=\"\" class=\"wp-image-197 size-full\" srcset=\"https:\/\/wiggengut.ch\/wp-content\/uploads\/2020\/07\/hof-\u00fcbersicht-klein-2-1024x517.jpg 1024w, https:\/\/wiggengut.ch\/wp-content\/uploads\/2020\/07\/hof-\u00fcbersicht-klein-2-300x152.jpg 300w, https:\/\/wiggengut.ch\/wp-content\/uploads\/2020\/07\/hof-\u00fcbersicht-klein-2-768x388.jpg 768w, https:\/\/wiggengut.ch\/wp-content\/uploads\/2020\/07\/hof-\u00fcbersicht-klein-2-1536x776.jpg 1536w, https:\/\/wiggengut.ch\/wp-content\/uploads\/2020\/07\/hof-\u00fcbersicht-klein-2-1200x606.jpg 1200w, https:\/\/wiggengut.ch\/wp-content\/uploads\/2020\/07\/hof-\u00fcbersicht-klein-2-1980x1000.jpg 1980w, https:\/\/wiggengut.ch\/wp-content\/uploads\/2020\/07\/hof-\u00fcbersicht-klein-2.jpg 2015w\" sizes=\"auto, (max-width: 1024px) 100vw, 1024px\" \/><\/figure><div class=\"wp-block-media-text__content\">\n<p class=\"has-large-font-size\">Allein der Konsument entscheidet, was marktgerecht ist. Jeder Einkauf ist eine Nachbestellung mit Wirkung rund um den Globus. Der Kassenzettel des Konsumenten <br>entscheidet was und wo produziert wird.<\/p>\n<\/div><\/div>\n","protected":false},"excerpt":{"rendered":"<p>Im Januar 2017 habe ich, Erica Portmann, den Betrieb in Wiggen in der Unesco Biosph\u00e4re Entlebuch von meinen Eltern \u00fcbernommen. Der Betrieb ist mit seinen 5.5 Hektaren eher klein. Meine Motivation den Hof zu bewirtschaften war, dass ich f\u00fcr die Bev\u00f6lkerung&nbsp;gesunde und&nbsp;nachhaltige Lebensmittel produziere und sie&nbsp;direkt&nbsp;\u2013 also ohne Zwischenhandel \u2013 vor Ort verkaufe. Verkauf ab [&hellip;]<\/p>\n","protected":false},"author":1,"featured_media":0,"parent":0,"menu_order":0,"comment_status":"closed","ping_status":"closed","template":"","meta":{"footnotes":""},"class_list":["post-6","page","type-page","status-publish","hentry"],"_links":{"self":[{"href":"https:\/\/wiggengut.ch\/index.php?rest_route=\/wp\/v2\/pages\/6","targetHints":{"allow":["GET"]}}],"collection":[{"href":"https:\/\/wiggengut.ch\/index.php?rest_route=\/wp\/v2\/pages"}],"about":[{"href":"https:\/\/wiggengut.ch\/index.php?rest_route=\/wp\/v2\/types\/page"}],"author":[{"embeddable":true,"href":"https:\/\/wiggengut.ch\/index.php?rest_route=\/wp\/v2\/users\/1"}],"replies":[{"embeddable":true,"href":"https:\/\/wiggengut.ch\/index.php?rest_route=%2Fwp%2Fv2%2Fcomments&post=6"}],"version-history":[{"count":58,"href":"https:\/\/wiggengut.ch\/index.php?rest_route=\/wp\/v2\/pages\/6\/revisions"}],"predecessor-version":[{"id":559,"href":"https:\/\/wiggengut.ch\/index.php?rest_route=\/wp\/v2\/pages\/6\/revisions\/559"}],"wp:attachment":[{"href":"https:\/\/wiggengut.ch\/index.php?rest_route=%2Fwp%2Fv2%2Fmedia&parent=6"}],"curies":[{"name":"wp","href":"https:\/\/api.w.org\/{rel}","templated":true}]}}

<div class="wp-block-image">
<figure class="aligncenter size-large is-resized"><img decoding="async" src="https://wiggengut.ch/wp-content/uploads/2020/07/IMG_4255-1.jpg" alt="" class="wp-image-9" style="width:-931px;height:-621px"/><figcaption class="wp-element-caption"><strong>Herzlich Willkommen auf dem Biohof Wiggengut von Erica Portmann</strong></figcaption></figure>
</div>


<p class="has-text-align-center" style="font-size:26px">Im Januar 2017 habe ich, Erica Portmann, den Betrieb in Wiggen in der Unesco Biosphäre Entlebuch von meinen Eltern übernommen. Der Betrieb ist mit seinen 5.5 Hektaren eher klein. Meine Motivation den Hof zu bewirtschaften war, dass ich für die Bevölkerung&nbsp;<strong>gesunde und&nbsp;nachhaltige Lebensmittel</strong> produziere und sie&nbsp;<strong>direkt</strong>&nbsp;– also ohne Zwischenhandel – vor Ort verkaufe.<br></p>





<div class="wp-block-media-text alignwide has-media-on-the-right is-stacked-on-mobile" style="grid-template-columns:auto 25%"><div class="wp-block-media-text__content">
<p class="has-large-font-size"><strong>Verkauf ab Hof</strong></p>



<p style="font-size:26px">Je nach Saison sind im Hofladen nachhaltig und ökologisch produzierte Lebensmittel erhältlich. Die Saison startet mit den <strong>Erdbeeren und Rhabarbern</strong> ende Mai. Im Sommer sind auf Vorbestellung Cassis, Trübeli und Jostabeeren erhältlich. Im August sind die Heidelbeeren reif. Ab mitte August bis ende Oktober sind die <strong>Himbeeren</strong> reif. <strong>Natura Beef Fleisch</strong> ist das ganze Jahr über erhältlich. Verschiedene Beeren Sirupe ohne Zitronensäure und Süssmost runden das Angebot ab. Offen ist der Hofladen am Dienstag UND Samstag von 9 &#8211; 18 Uhr. Hier kaufst du nur hochwertige Lebensmittel ein. Es gibt kein Gemüse mehr im Hofladen.</p>



<p style="font-size:26px"></p>
</div><figure class="wp-block-media-text__media"><img loading="lazy" decoding="async" width="1024" height="834" src="https://wiggengut.ch/wp-content/uploads/2020/07/1200px-Bio_Suisse_201x_logo.svg_-1024x834.png" alt="" class="wp-image-94 size-full" srcset="https://wiggengut.ch/wp-content/uploads/2020/07/1200px-Bio_Suisse_201x_logo.svg_-1024x834.png 1024w, https://wiggengut.ch/wp-content/uploads/2020/07/1200px-Bio_Suisse_201x_logo.svg_-300x244.png 300w, https://wiggengut.ch/wp-content/uploads/2020/07/1200px-Bio_Suisse_201x_logo.svg_-768x625.png 768w, https://wiggengut.ch/wp-content/uploads/2020/07/1200px-Bio_Suisse_201x_logo.svg_.png 1200w" sizes="auto, (max-width: 1024px) 100vw, 1024px" /></figure></div>



<div class="wp-block-media-text alignwide is-stacked-on-mobile" style="grid-template-columns:26% auto"><figure class="wp-block-media-text__media"><img decoding="async" src="https://wiggengut.ch/wp-content/uploads/2020/07/erica-fleischverkauf-klein.jpg" alt="" class="wp-image-184 size-full"/></figure><div class="wp-block-media-text__content">
<p class="has-large-font-size"><strong>Wenn verkaufen Leidenschaft ist. </strong></p>



<p style="font-size:26px">Nach der obligatorischen Schulzeit absolvierte ich das Haushaltslehrjahr im Kanton Waadt. Es folgte die vierjährige Lehre zur <strong>Drogistin</strong>. In der Lehrdrogerie stand bei der <strong>Beratung</strong> stets das Bedürfnis des Kunden im Zentrum. Ebenso lernte ich als Drogistin den fundierten Verkauf. So lag es für mich nahe, in die Direktvermarktung einzusteigen. </p>
</div></div>



<div class="wp-block-media-text alignwide has-media-on-the-right is-stacked-on-mobile" style="grid-template-columns:auto 48%"><div class="wp-block-media-text__content">
<p class="has-large-font-size"><strong>Mit  Leib und Seele für das Tierwohl. </strong></p>



<p style="font-size:26px">Um mich im Thema der Ernährung weiterzubilden, besuchte ich die <strong>Bäuerinnenschule</strong>. Mit 27 Jahren entschied ich mich zusätzlich den zweijährigen Vollzeitlehrgang zur <strong>Landwirtin</strong> <strong>EFZ</strong> zu absolvieren, welchen ich 2015 erfolgreich abschloss. Als Landwirtin liebe ich es, mich um meine Tiere zu kümmern.</p>
</div><figure class="wp-block-media-text__media"><img decoding="async" src="https://wiggengut.ch/wp-content/uploads/2020/07/geiss-erica-klein.jpg" alt="" class="wp-image-185 size-full"/></figure></div>



<div class="wp-block-media-text alignwide is-stacked-on-mobile"><figure class="wp-block-media-text__media"><img loading="lazy" decoding="async" width="1024" height="517" src="https://wiggengut.ch/wp-content/uploads/2020/07/hof-übersicht-klein-2-1024x517.jpg" alt="" class="wp-image-197 size-full" srcset="https://wiggengut.ch/wp-content/uploads/2020/07/hof-übersicht-klein-2-1024x517.jpg 1024w, https://wiggengut.ch/wp-content/uploads/2020/07/hof-übersicht-klein-2-300x152.jpg 300w, https://wiggengut.ch/wp-content/uploads/2020/07/hof-übersicht-klein-2-768x388.jpg 768w, https://wiggengut.ch/wp-content/uploads/2020/07/hof-übersicht-klein-2-1536x776.jpg 1536w, https://wiggengut.ch/wp-content/uploads/2020/07/hof-übersicht-klein-2-1200x606.jpg 1200w, https://wiggengut.ch/wp-content/uploads/2020/07/hof-übersicht-klein-2-1980x1000.jpg 1980w, https://wiggengut.ch/wp-content/uploads/2020/07/hof-übersicht-klein-2.jpg 2015w" sizes="auto, (max-width: 1024px) 100vw, 1024px" /></figure><div class="wp-block-media-text__content">
<p class="has-large-font-size">Allein der Konsument entscheidet, was marktgerecht ist. Jeder Einkauf ist eine Nachbestellung mit Wirkung rund um den Globus. Der Kassenzettel des Konsumenten <br>entscheidet was und wo produziert wird.</p>
</div></div>

<p>Im Januar 2017 habe ich, Erica Portmann, den Betrieb in Wiggen in der Unesco Biosphäre Entlebuch von meinen Eltern übernommen. Der Betrieb ist mit seinen 5.5 Hektaren eher klein. Meine Motivation den Hof zu bewirtschaften war, dass ich für die Bevölkerung&nbsp;gesunde und&nbsp;nachhaltige Lebensmittel produziere und sie&nbsp;direkt&nbsp;– also ohne Zwischenhandel – vor Ort verkaufe. Verkauf ab [&hellip;]</p>
